undreds digit of c?
1
Let y be 454/8*(-47 - -19). Let c = -521 - y. What is the hundreds digit of c?
0
Suppose 348 - 332 = 8*i. Suppose 3*h + 5*p = 1685, -3*p = -h + i*p + 595. What is the units digit of h?
0
Let s be (-80)/(-50)*5/(-2). What is the tens digit of ((-225940)/77)/(-13)*(-14)/s?
9
Let g be ((-12)/8)/((-2)/4) + 1. Suppose 0 = -4*z + z + 9, -3*z - 11 = -g*i. Suppose 7*r - 172 = i*r. What is the tens digit of r?
8
Let k(r) = -3*r - 24. Let g be k(-10). Suppose -1 = g*f + 23. What is the units digit of f - (4 - 9) - -14?
5
Suppose 85*q + 591685 = 3496730. What is the thousands digit of q?
4
Suppose 0 = 2*o - 3*b + b - 54, -o - 5*b + 9 = 0. Suppose o = 5*g - 5*s + 69, s - 3 = 0. Let q(f) = 4*f**2 - 14*f - 9. What is the hundreds digit of q(g)?
2
Suppose 11 + 1 = -12*m. Let q = -2 + 3. What is the units digit of m*((-94*q)/2 + 0)?
7
Let u(l) be the third derivative of -143*l**4/12 - 33*l**2 + l. What is the units digit of u(-1)?
6
Let h = 47 + 90. Let c = h + -99. What is the tens digit of c?
3
What is the tens digit of -125 + 117 + -4798*1/(-2)?
9
Let m(w) = w**3 + 19*w**2 + 59*w - 8. Let s be m(-15). Suppose 0 = -7*x - s*x + 938. What is the units digit of x?
7
Let v be 3/(1*15/(-1820)). What is the units digit of 2 + v/(-2) - -1?
5
Let z(p) = -p**3 + 5*p**2 - 4*p + 3. Let m be z(3). Suppose 0 = -m*i + 218 - 20. Suppose -30*u + 1144 = -i*u. What is the hundreds digit of u?
1
Suppose 3*z - 171 - 102 = -4*d, -2*z = 2*d - 136. Let t = -71 + d. What is the tens digit of (3/4)/(t/(-160))?
6
Let b = 18 - 19. Let l be 287/7 + (-2)/b. Let p = l - 32. What is the tens digit of p?
1
What is the ten thousands digit of (-1359134)/(-126) - (-2)/9?
1
Suppose u + 433 = g, -3*u = 3*g + 1579 - 298. Let c = 749 + u. What is the hundreds digit of c?
3
Suppose -93678 = -22*l - 13818. What is the hundreds digit of l?
6
Let t be ((-108)/24)/((-9)/(-4548)). Let q = -1561 - t. What is the tens digit of q?
1
Let z be 15*(-4 + 3) - -1. Let j be 5/((-50)/15)*z. Suppose -363 = -j*d + 10*d. What is the units digit of d?
3
Suppose 3*x + 6971 = 2*z, 4*z = -3*x + 4328 + 9623. What is the hundreds digit of z?
4
Let m be -561 + (-7)/((-28)/16) - 4. Let p = 877 + m. What is the tens digit of p?
1
Let z = 10349 + -4467. What is the thousands digit of z?
5
Let x = 26012 + -10272. What is the ten thousands digit of x?
1
Let s(y) = -52*y + 5. Suppose 5*l = -10, -2*c + l - 38 = 3*c. What is the hundreds digit of s(c)?
4
Let t(g) = 4*g**2 - 40*g - 51. Suppose -77 = -2*i - 3*i - 2*w, w = -3*i + 46. What is the tens digit of t(i)?
4
Suppose 4*t - 51046 = -7*r, 3*r + 45817 - 7582 = 3*t. What is the ten thousands digit of t?
1
Let l = 545 + -540. Suppose -73 + 1658 = l*i. What is the hundreds digit of i?
3
Let c = 3777 + 501. What is the hundreds digit of c?
2
Suppose 3*f - 21051 = -5*t, 16831 = -17*t + 21*t + f. What is the units digit of t?
6
Suppose 4 = 9*p - 23. Suppose s + t = 95, -p*s - 5*t = -264 - 21. Let o = -45 + s. What is the units digit of o?
0
Let g(b) = 409*b**2 + 7*b + 6. What is the hundreds digit of g(7)?
0
Suppose -4*o + 34 = -2*q, 0*o + 4*q - 22 = -o. Suppose w - 9*m = -o*m + 419, -1267 = -3*w - m. What is the units digit of w?
4
Let u(m) = 8*m**2 + 32*m + 47. What is the ten thousands digit of u(38)?
1
Let c(k) = 2*k - 51. Let m be c(27). Suppose a - 543 = -4*v, -m*v + 7*a - 3*a = -412. What is the hundreds digit of v?
1
Let d = -16 + 43. Suppose -3*n - 12 = -4*c, 5*n = 5*c - d + 7. Suppose c = 4*q + 22 - 118. What is the units digit of q?
4
Let j = 6196 - 2692. What is the units digit of j?
4
What is the tens digit of (-1 - -7545) + (5 - 8) + 7?
4
Suppose -4 = q - 0. Let m(a) = a - 9. Let h be m(q). Let y(v) = -v**3 - 13*v**2 - 8*v - 2. What is the hundreds digit of y(h)?
1
Suppose -2*k - 4*o + 24 = 0, -5*k + 2*o + 78 = 3*o. Suppose 4*y - k = 0, -y + 346 = d - 5*y. What is the units digit of d?
2
Let d be (-3)/(-9) + 22/(-3). Let n = -3526 + 3505. What is the units digit of -3 - d/2 - n/2?
1
Suppose 2*m - 5*l = -8, 2*m - l = -5*l + 28. Suppose -s + m = 4. Suppose 0 = -i - s, 320 = -0*n + 5*n - 5*i. What is the units digit of n?
2
Let o be 2/1 - (-1 - -1). Let b(u) = 94*u**3 - 5*u**2 + 4*u + 4. What is the units digit of b(o)?
4
Let g(x) = -53*x + 1851. What is the hundreds digit of g(0)?
8
Let z(k) = 3*k**2 - 6*k - 2. Let a = 54 - 59. What is the tens digit of z(a)?
0
Let f(k) be the second derivative of -k**6/72 - 4*k**5/15 - 13*k**4/12 + 15*k. Let l(o) be the third derivative of f(o). What is the hundreds digit of l(-18)?
1
Let f = -707 + 1468. Let t = f + -454. What is the tens digit of t?
0
Let g(t) = -19*t - 31. Let j be g(-2). Suppose -z = -j*z + 1104. What is the hundreds digit of z?
1
Let r(q) = -3*q**3 + 7*q**2 + 305*q + 115. What is the thousands digit of r(-15)?
7
Let v(x) = 7*x**3 - 2*x**2 - 3*x + 2. Let r be v(2). Let k = 830 + -833. What is the units digit of k/(-9) + r/12?
4
Suppose -5*q + 3*s + 2059 + 1072 = 0, -2*q + 1244 = 3*s. Suppose -4*w - q = w. Let g = w + 298. What is the units digit of g?
3
Let n be -238 - 3/(5 + -6) - -4. Let a = n + 238. What is the units digit of a?
7
Suppose 0 = -18*y + 46*y - 1309728. What is the hundreds digit of y?
7
Let v = -4486 - -1452. What is the tens digit of v/(-6) + (1 + 5)/18?
0
Let o = -2394 - -4362. Suppose -4*b - o = -3*z - 414, 3*z = 5*b + 1551. What is the tens digit of z?
2
Let f be (0/(-5 - -1))/2. Suppose f = 20*l - 4239 - 3201. What is the tens digit of l?
7
Let t = -43260 - -72670. What is the thousands digit of t?
9
Let t be -3 + 1 + (53 - (-11 + 7)). Suppose -59*g = -t*g - 2296. Let f = g + -384. What is the tens digit of f?
9
Suppose -4*i = 4*c - 23496, 28*i + 5*c + 17614 = 31*i. What is the hundreds digit of i?
8
Let i be 193*((-14)/(-7) + -1). Let k = i - -539. What is the tens digit of k?
3
Suppose 0 = i - 3*b + 112, 228 = i - 3*i + 5*b. Let x = -17 - i. Let q = x - 51. What is the tens digit of q?
5
Let b = -2 + 8. Suppose f - n = -43 + 307, b = 3*n. What is the tens digit of f?
6
Let r(a) = -a + 29. Let i be r(8). Suppose -i*n = -11*n - 14770. What is the units digit of n?
7
Suppose -4*m + 21489 = -0*s - 5*s, -2*m = -3*s - 10743. Suppose 57*d - 51*d = m. What is the hundreds digit of d?
8
Let n = 253 - 180. Let h = n + 751. What is the hundreds digit of h?
8
Suppose 2*v + 2*u + 4 = 0, -v + 4*v + 5 = -2*u. Let w be v*(1 - 4) + 1019. Suppose w = 5*z + 97. What is the units digit of z?
5
Let s(c) = -4*c + 19. Let p be 35/20 - 2/(-8). Suppose -2*z - p*i - 40 = 0, -38 = 3*z - 2*i + 37. What is the units digit of s(z)?
1
Let o(g) = 369*g + 5471. What is the units digit of o(136)?
5
Let j(u) = 78*u**2 - 7*u + 29. Let a be j(3). Suppose -2*h = -3*g - a, 4*h - 1424 = 3*g + 2*g. What is the hundreds digit of h?
3
What is the tens digit of 4/90 + 662368/720?
2
Let p(l) = -2*l**3 - 51*l**2 - 430*l + 24. What is the tens digit of p(-18)?
0
Let j(l) = -45*l + 14. Let d(t) = 85*t - 27. Let h(k) = 2*k. Let x(c) = d(c) + 3*h(c). Let g(u) = -9*j(u) - 4*x(u). What is the units digit of g(4)?
6
Let m = 23843 + -12963. What is the units digit of m?
0
Suppose 0 = 7*z - 24472 - 28931. What is the units digit of z?
9
Let q(i) = 536*i**2 + 8*i - 41. What is the units digit of q(4)?
7
Let t = -805 - -1821. Suppose 43*o - 39*o - t = 0. What is the hundreds digit of o?
2
Let g = -10884 - -17197. What is the tens digit of g/15 + 10/75?
2
Let a(o) be the third derivative of 1/24*o**4 + 0*o**3 + 0*o - 17/120*o**6 + 0 - 14*o**2 - 1/60*o**5. What is the hundreds digit of a(-2)?
1
Let i(u) = -49*u**2 + u + 1. Let n be i(3). Let y = n + 242. Let h = 12 - y. What is the units digit of h?
7
Let a(g) = g**3 + 53*g**2 + 11*g - 80. What is the ten thousands digit of a(14)?
1
Let g(f) = -f - 2. Let i be g(-4). Let c = -1419 - -1428. What is the tens digit of (1 - -2) + c + i?
1
Let b = 25236 + -2943. What is the hundreds digit of b?
2
Suppose -3*k + 26 = o, 32 = 4*k + 3*o - 6. Suppose k*z - 23*z + 6060 = 0. What is the tens digit of z?
0
Let t = 595 + -331. Suppose 13*x - 139 = t. What is the tens digit of x?
3
Let w(i) = 5*i**2 + i - 4. Let z be w(1). Let p = 484 - z. What is the hundreds digit of p?
4
Let v = 333 + -553. Let o = v - -321. What is the tens digit of 5/10 - o/(-2)?
5
Suppose 2*b + 168 = 10*b. Let t = 